 w - 1. Is ((-3)/r)/((-3)/(-20)) a prime number?
False
Let d be -2*3 + 3 + -18. Let u = 66 - d. Is u composite?
True
Let t = 151 - 607. Let j = 777 + t. Let n = -120 + j. Is n a prime number?
False
Suppose -3*h + 126 = -69. Is h a prime number?
False
Is ((-4)/(-8))/(2/508) a composite number?
False
Let p = 10 - 7. Suppose -k + p = 1, -162 = -2*a - 4*k. Is a a composite number?
True
Let w(a) = a**3 + 6*a**2 + 7*a. Let m be w(-5). Is 4/20 + (-2108)/m composite?
False
Suppose 86 = 3*d - 25. Is d prime?
True
Suppose n + 14 = -2*k - 12, -5*k - 74 = -2*n. Let m = 1 + k. Let o = m + 26. Is o prime?
True
Let z be (56/(-10))/((-10)/1525). Is 2/(-5) + z/10 a composite number?
True
Let w(f) = f**2 + f + 28. Let b be w(0). Let u = 39 - b. Is u prime?
True
Suppose m + 2*z = 217, -3*z + 433 = 2*m - 0*z. Suppose 7*r - m = 2*r + 3*f, 129 = 3*r - 3*f. Is r a composite number?
False
Suppose -t = -4*j - 6*t + 33, -4*j + 5*t + 63 = 0. Let y = -22 + -215. Is -2*2/j*y a composite number?
False
Suppose t + 0 = -3, -3*t = -4*b + 3265. Suppose -5*k + b = 3*j, -k - 3*j + 38 + 132 = 0. Is k a composite number?
True
Suppose 4*k = 9*k - 395. Is k composite?
False
Let x(g) = -23*g - 18. Let w be x(-9). Let h = w + -56. Is h a prime number?
False
Suppose -4*j = -2*n - 72, j + 4*n = -0*n + 18. Suppose j = y + 4. Is y a prime number?
False
Let m(t) = t**2 - 4*t + 6. Let c be m(4). Suppose -w - 35 = -c*w. Let l = 10 - w. Is l prime?
True
Let h be (12/(-9))/((-10)/885). Let x(z) = -z**3 - 2*z**2 - z. Let d be x(-1). Suppose d = r + r - h. Is r a prime number?
True
Suppose 4*b + 0 = 5*y + 30, 3*b = -2*y - 12. Is 993/27 - y/27 a composite number?
False
Suppose -2*a = -4*c + 5*c - 82, -162 = -2*c - 5*a. Let w = c - 17. Suppose 5*t - w - 96 = 0. Is t composite?
True
Suppose 606 = 2*i + 26. Suppose 2*k = -3*k + i. Is k composite?
True
Suppose 0*n = -4*n. Suppose 0 = 5*k - n - 20. Suppose -u + 265 = k*u. Is u composite?
False
Suppose -4*x + 32 + 2776 = 0. Let z(v) = -5*v**3 + 5*v**2 + v - 1. Let w be z(-4). Let d = x - w. Is d prime?
True
Let y = 219 + 566. Is y a composite number?
True
Suppose 9*n = 4*n + 20. Let w = 1013 - 458. Suppose -n*c = c - w. Is c composite?
True
Let m = 5 + -13. Let x = -4 - m. Suppose 5*i - 47 = x*i. Is i composite?
False
Suppose -2*z + 379 + 955 = 0. Is z a prime number?
False
Let p(s) = s**3 + 5*s**2 + s - 5. Let h be p(5). Suppose 0 = 2*y - h - 172. Is y a prime number?
True
Let j(c) = -c**3 + 5*c**2 + 6*c + 6. Let k be j(6). Is (345/k)/((-1)/(-2)) composite?
True
Let w(i) = 8*i**2 + 13*i - 33. Is w(8) a composite number?
True
Let a(b) = -55*b - 23. Is a(-7) a prime number?
False
Let g = 6 + 25. Is g prime?
True
Let d(y) = -y**3 - y**2 + y - 6. Is d(-5) a prime number?
True
Let d(q) = -2*q**3 + 8*q**2 + 5*q + 2. Let t(w) = -3*w**3 + 12*w**2 + 8*w + 3. Let k(f) = 7*d(f) - 5*t(f). Let h be k(5). Is h/(-4) + (-102)/(-8) prime?
True
Suppose 0 = r + 5*y + 8 - 33, 0 = -3*y + 12. Let s be (11/(0 + 1))/1. Let d = s - r. Is d a prime number?
False
Let a = -4 - -4. Suppose -7*x + 6*x + 8 = a. Suppose -2 = y - x. Is y a composite number?
True
Let x(s) = s**3 + 10*s**2 + 4*s + 1. Suppose -2*a = 4*b - 10, 0 = -2*a - b - b. Let o be x(a). Suppose q - o = -q. Is q composite?
False
Is 8307 + (-4)/6*(-5 - -2) a composite number?
True
Let s be (7 + -4)/(9/726). Suppose -2*w + 260 = 2*k, 0*k = -2*w + 4*k + s. Is w a prime number?
True
Let i be ((-8)/6)/(2/(-3)). Let y = 6 - i. Suppose z - y*u = 31, -4*z + 0*z - u = -56. Is z a composite number?
True
Suppose 3*m = 3*h + 48, 99 - 12 = -5*h - 2*m. Let u = 8 + h. Let j(n) = n**3 + 8*n**2 - 14*n - 12. Is j(u) prime?
False
Let k(p) = 388*p**3 - p**2 + 1. Let v be 25/35 - 2/(-7). Let u be k(v). Suppose u = 4*i - 0*i + 3*l, -4*i + 2*l = -388. Is i a composite number?
False
Suppose -i - 2 = 1. Let r(d) be the third derivative of -d**6/60 - d**5/60 + d**4/6 + d**3/3 + d**2. Is r(i) a composite number?
True
Suppose -4*m = -5*s + 740, -s = -6*s - 5*m + 785. Suppose -b = 5*c - s, -3 = -b + c + 119. Is b prime?
True
Let f = 21 + -19. Suppose -2*v = -3*c + 105, 2*c + f - 72 = -3*v. Is c a composite number?
True
Let k be (-6)/15 + 68/20. Suppose 0*q - k*q = -33. Is q composite?
False
Let n(d) = -137*d - 35*d - d - 21*d - 1. Is n(-3) composite?
True
Suppose 67 = 3*g - 2*g + 3*t, -4*g = 5*t - 296. Is g composite?
False
Suppose -5*a - 650 - 140 = -5*s, -2*s - 4*a + 298 = 0. Let w = s - -186. Is w a composite number?
True
Suppose 10 = 4*b + b. Let t(n) = 4*n + b - n - 2*n. Is t(9) composite?
False
Let d = 23 + 54. Is d composite?
True
Let l = 125 - 4. Is l prime?
False
Suppose 775 = -y + 6*y. Is y a prime number?
False
Suppose -5*h + 6 = 4*r, -h - 3*h = 3*r - 5. Suppose 0 = 3*f - 2*f + 4*y + 62, 2*y = -h*f - 118. Let w = f - -125. Is w composite?
False
Suppose 4*v = -3*p + 413, 0 = -3*p - 5*v - 8 + 426. Is p prime?
True
Let v(l) be the first derivative of -l**2/2 - 4*l + 1. Is v(-10) a prime number?
False
Let c(r) = 7*r**2 - 2*r + 1. Let k be c(1). Is 2*(1215/k + -2) a prime number?
True
Suppose 3*h + 385 = 4*z + 61, 3*h = 0. Suppose 0 = 4*f + 5*k - z, 0 = f + 4*k - 4 - 30. Is f composite?
True
Let q(h) be the third derivative of -h**5/120 + h**4/24 + h**3/3 - 3*h**2. Let s(c) be the first derivative of q(c). Is s(-1) a prime number?
True
Let g(b) = b**2 - 5*b - 10. Let l be g(7). Suppose -l*o + 3 = -0*o - n, -3*n + 11 = -2*o. Is (-1)/(78/(-38) + o) a composite number?
False
Let x(z) = -z**3 + 6*z**2 + z + 5. Let y be (-33)/(-7) + (-2)/(-7). Is x(y) prime?
False
Is (-10)/(-4)*(-4152)/(-20) a composite number?
True
Suppose -219 = -6*a + 3*a. Let v(d) = -4*d - 10. Let y be v(7). Let q = a + y. Is q prime?
False
Let l = 3 - 2. Let p = l - -1. Suppose -p*o = -0*o - 106. Is o a prime number?
True
Let p(a) = -a**2 - 9*a - 2. Let t be p(-10). Is 1690/8 + 3/t a composite number?
False
Let g(r) = r - 1. Let d(y) = 6*y + 47. Let v(p) = d(p) - 5*g(p). Let o be v(0). Let t = 99 - o. Is t composite?
False
Let x(r) = r**3 + 4*r**2 - 3*r - 3. Let v = 4 + -6. Is x(v) prime?
True
Suppose 5*r - 3 - 2 = 0. Let l be (-536)/r*(-4)/8. Suppose 0 = -5*p + p + l. Is p prime?
True
Let v = 555 + -316. Suppose -62 + v = 3*u. Let a = u - -38. Is a composite?
False
Is 3825/12 + 1/4 a prime number?
False
Let b = -46 + 2. Let d = b + 942. Suppose -4*t = 12, -z + d = 3*z - 2*t. Is z a prime number?
True
Is (-8)/10*(-11645)/34 a composite number?
True
Suppose 2*m - 5*a = -89 - 86, 9 = 3*a. Let r = 79 - m. Is r a composite number?
True
Let g(v) = 4*v**2 - 10*v - 7. Is g(10) composite?
False
Let a = 222 + -346. Let v = 209 + a. Suppose 289 + v = 2*g. Is g a composite number?
True
Let j(m) = 4 + m**3 - 6*m - 2*m**2 + 0*m**2 - 3*m**2. Let y be j(6). Suppose -y*b + 815 = b. Is b composite?
False
Let q be (-154)/(-55)*(-10)/(-4). Suppose -586 = -9*l + q*l. Is l a composite number?
False
Let b(g) = 8*g**2 - 5*g - 5. Let d(x) = -7*x**2 + 4*x + 4. Let w(k) = -5*b(k) - 6*d(k). Is w(-8) composite?
True
Let g(v) = -68*v**3 - v**2 - v - 1. Let q = -2 + 3. Suppose r - q = 2*r. Is g(r) composite?
False
Let x(b) = -b**3 - 9*b**2 + 9*b + 5. Let t be x(-7). Is ((-2)/2)/(4/t) a composite number?
True
Let f(v) = -v**3 - 2*v**2 - 3*v - 5. Let l(b) = -1. Let w(u) = f(u) - 2*l(u). Let y be w(-2). Suppose n + 0*n = 0, 0 = -y*g + n + 255. Is g a composite number?
True
Let l = 20 - -29. Suppose 3*q = 188 + l. Is q a prime number?
True
Let j(s) = -s**2 + 6*s + 2. Let g be j(6). Is 10/(-15)*(-267)/g a prime number?
True
Suppose -5*v = -2*v. Suppose 0 = 3*h - 3*g - 33, 0 = -5*h - v*g - 3*g + 79. Is h a prime number?
False
Let s(n) = 142*n + 2. Let u be s(-2). Let q = u - -803. Is q a composite number?
False
Let h = 2 + 1. Suppose 2*t + 19 = h*t. Is t composite?
False
Let x(j) = 1 - 10*j + 4*j**2 + 1 + 5. Is x(7) composite?
True
Suppose -5*y = -4*a - 2131, 2138 = 5*y + 5*a - 2*a. Is y a composite number?
True
Suppose -6*s = -s - 155. Is s composite?
False
Suppose 4*u = u. Suppose 6*w - w + 155 = u. Is 2/3 + w/(-3) a composite number?
False
Suppose -2*o - 2*o - 12 = 0. Let g(f) = -f**3 + 13*f**2 - 11*f - 5. Let i be g(12). Is 6/((-6)/o)*i a composite number?
True
Let x = 1 + -5. Let q be x/6 - (-14)/3. Suppose -5*p = -15, -232 = -5*g + 5*p - q*p. Is g a composite number?
False
Suppose 2*p + 14 = 4*o 